2, 653, 66137
List the prime factors of 107002561.
107002561
List the prime factors of 4579636.
2, 61, 137
What are the prime factors of 407320755?
3, 5, 773, 35129
List the prime factors of 2751255216.
2, 3, 23, 830693
List the prime factors of 31588668.
2, 3, 877463
What are the prime factors of 986853783?
3, 31, 47, 7283
List the prime factors of 1713210415.
5, 7, 167, 293107
What are the prime factors of 77195299?
127, 607837
What are the prime factors of 631914567?
3, 787, 267647
What are the prime factors of 139861131?
3, 367, 127031
List the prime factors of 20381571.
3, 7, 107839
List the prime factors of 1357722790.
2, 5, 41, 3311519
What are the prime factors of 1192342590?
2, 3, 5, 53, 249967
List the prime factors of 3516916767.
3, 7, 13, 107, 120397
List the prime factors of 13659839.
13659839
List the prime factors of 253507266.
2, 3, 137, 34267
What are the prime factors of 916079377?
461, 1987157
What are the prime factors of 477161521?
477161521
List the prime factors of 41712950.
2, 5, 834259
What are the prime factors of 116396583?
3, 23, 1686907
What are the prime factors of 314142695?
5, 71, 181, 4889
List the prime factors of 650084287.
650084287
List the prime factors of 95957031.
3, 167, 191531
What are the prime factors of 17892719?
13, 37, 37199
What are the prime factors of 71096329?
17, 43, 97259
What are the prime factors of 4489302865?
5, 433, 937, 2213
List the prime factors of 102584337.
3, 41, 89, 9371
List the prime factors of 249690366.
2, 3, 13871687
List the prime factors of 164153495.
5, 11, 2984609
What are the prime factors of 684947503?
684947503
List the prime factors of 35272030.
2, 5, 53, 61, 1091
What are the prime factors of 46958790?
2, 3, 5, 1565293
What are the prime factors of 172513791?
3, 31, 618329
List the prime factors of 317378064.
2, 3, 353, 18731
What are the prime factors of 621796646?
2, 310898323
List the prime factors of 297183121.
17239
What are the prime factors of 1271400153?
3, 423800051
What are the prime factors of 65893437?
3, 41, 283, 631
List the prime factors of 15968252.
2, 107, 37309
List the prime factors of 475477049.
1759, 270311
List the prime factors of 24222699.
3, 897137
What are the prime factors of 219478676?
2, 4733, 11593
What are the prime factors of 63192074?
2, 11, 31, 92657
List the prime factors of 40090987.
40090987
What are the prime factors of 156424644?
2, 3, 19, 71, 3221
What are the prime factors of 2171719488?
2, 3, 41, 109, 2531
What are the prime factors of 188093543?
11, 1613, 10601
What are the prime factors of 380084554?
2, 190042277
What are the prime factors of 385165954?
2, 769, 250433
List the prime factors of 1587031385.
5, 317406277
What are the prime factors of 7932803686?
2, 211, 18798113
What are the prime factors of 7320491224?
2, 915061403
List the prime factors of 12978938.
2, 7, 19, 59, 827
What are the prime factors of 115756978?
2, 17, 487, 6991
List the prime factors of 3117070874.
2, 53, 113, 433, 601
List the prime factors of 2495382614.
2, 71, 127, 138371
List the prime factors of 45368362.
2, 13, 233, 7489
What are the prime factors of 93918732?
2, 3, 7826561
List the prime factors of 126947278.
2, 63473639
What are the prime factors of 282535755?
3, 5, 479, 39323
List the prime factors of 58983108.
2, 3, 71, 107, 647
List the prime factors of 2372665703.
47, 569, 88721
What are the prime factors of 622885544?
2, 77860693
What are the prime factors of 30909209?
2713, 11393
What are the prime factors of 147135971?
673, 218627
List the prime factors of 5539807843.
5539807843
List the prime factors of 1851028871.
47, 39383593
List the prime factors of 19536375.
3, 5, 59, 883
What are the prime factors of 104650729?
104650729
List the prime factors of 4753124679.
3, 29, 2089, 26153
List the prime factors of 109807766.
2, 31, 1771093
What are the prime factors of 727964602?
2, 363982301
What are the prime factors of 41514264?
2, 3, 11, 23, 43, 53
What are the prime factors of 37133910?
2, 3, 5, 11, 12503
List the prime factors of 107298203.
17, 6311659
List the prime factors of 83951493.
3, 27983831
List the prime factors of 66498588.
2, 3, 13, 151, 941
List the prime factors of 100621315.
5, 37, 83, 6553
What are the prime factors of 1321290621?
3, 7, 20972867
What are the prime factors of 59037218?
2, 19, 81769
List the prime factors of 143162579.
7, 673, 30389
List the prime factors of 102435276.
2, 3, 8536273
List the prime factors of 81803003.
373, 219311
What are the prime factors of 2057964286?
2, 7, 146997449
List the prime factors of 7003542688.
2, 23, 29, 328127
What are the prime factors of 23161452?
2, 3, 491, 3931
List the prime factors of 2506829184.
2, 3, 311, 6997
List the prime factors of 8511029.
149, 239
List the prime factors of 476512515.
3, 5, 10589167
List the prime factors of 106554749.
7, 199, 76493
List the prime factors of 893271667.
113, 7905059
What are the prime factors of 14673584?
2, 17, 73, 739
What are the prime factors of 429032467?
29, 31, 131, 3643
What are the prime factors of 1688913807?
3, 7, 17, 4730851
What are the prime factors of 18646578?
2, 3, 345307
List the prime factors of 45819084.
2, 3, 131, 29147
What are the prime factors of 1589369999?
7, 43, 347, 15217
What are the prime factors of 428145120?
2, 3, 5, 13, 22871
List the prime factors of 169055824.
2, 7, 1509427
List the prime factors of 2676852701.
173, 479, 32303
What are the prime factors of 71300446?
2, 7, 5092889
What are the prime factors of 1921694445?
3, 5, 11, 1123, 3457
What are the prime factors of 804001981?
804001981
What are the prime factors of 41871465?
3, 5, 43, 7213
What are the prime factors of 609646693?
167, 3650579
What are the prime factors of 207058366?
2, 103529183
What are the prime factors of 1033751367?
3, 11, 647, 16139
What are the prime factors of 284214747?
3, 41, 2310689
What are the prime factors of 49529929?
191, 211, 1229
What are the prime factors of 175942570?
2, 5, 83, 211979
List the prime factors of 5994779537.
5994779537
What are the prime factors of 114566604?
2, 3, 17, 433, 1297
List the prime factors of 167886269.
23, 109, 167, 401
List the prime factors of 226713873.
3, 75571291
List the prime factors of 386817214.
2, 7, 53, 521317
List the prime factors of 57721758.
2, 3, 1697, 5669
What are the prime factors of 118816586?
2, 7, 1451, 5849
What are the prime factors of 11880323?
7, 13, 130553
List the prime factors of 40137416.
2, 11, 456107
List the prime factors of 1957890506.
2, 11, 13, 359, 19069
What are the prime factors of 59190647?
131, 451837
What are the prime factors of 60843820?
2, 5, 3042191
List the prime factors of 27915319.
59, 473141
List the prime factors of 112345046.
2, 11, 1061, 4813
List the prime factors of 3758154655.
5, 751630931
List the prime factors of 152501423.
131, 373, 3121
What are the prime factors of 1764482219?
21149, 83431
What are the prime factors of 1163155286?
2, 163, 3567961
What are the prime factors of 426817127?
11, 1427, 27191
What are the prime factors of 6409004921?
11, 582636811
List the prime factors of 2025546694.
2, 601, 809, 2083
List the prime factors of 2566461933.
3, 7, 17, 2396323
List the prime factors of 108125956.
2, 2063, 13103
List the prime factors of 647331608.
2, 7, 11, 83, 1151
List the prime factors of 5783020643.
31, 1117, 167009
List the prime factors of 408768479.
7, 58395497
List the prime factors of 523368242.
2, 261684121
What are the prime factors of 18757240?
2, 5, 283, 1657
What are the prime factors of 231739179?
3, 7, 89, 17713
List the prime factors of 1179779236.
2, 19, 15523411
List the prime factors of 1919532112.
2, 119970757
What are the prime factors of 853556701?
1409, 605789
List the prime factors of 7003741.
7003741
What are the prime factors of 18946549?
23, 31, 26573
What are the prime factors of 34914437?
23, 67, 139, 163
What are the prime factors of 1623906116?
2, 7, 57996647
List the prime factors of 112158674.
2, 56079337
List the prime factors of 192217762.
2, 11, 23, 379877
List the prime factors of 2171625996.
2, 3, 1187, 152459
List the prime factors of 476477190.
2, 3, 5, 7, 17, 2617
List the prime factors of 33884309.
33884309
List the prime factors of 215379247.
1153, 186799